 - (-15)/20 a composite number?
False
Let s(m) = -146*m - 9. Is s(-5) prime?
False
Let q(d) = -d + 407. Is q(0) prime?
False
Suppose -3*t - 2*t - 5 = 0. Let s be t*(-2 + 4 + -2). Suppose s = -5*l + 2*g + 391, 0 = -5*l + g + 3*g + 387. Is l a prime number?
True
Let r(z) = 16*z**3 + z**2 - 3*z + 1. Let q(g) = g - 1. Let c be q(3). Is r(c) prime?
True
Let j(r) = r + 11. Let l be j(-8). Let q(i) = -78*i - 2. Let u be q(-3). Suppose -55 = l*y - u. Is y composite?
False
Let d = 9 + -7. Suppose 0 = d*r + 113 - 623. Suppose -3*f + r - 24 = 0. Is f prime?
False
Suppose 6*j - 241 - 1517 = 0. Is j prime?
True
Let u(x) = -x + 17. Let i be u(7). Let j = 9 + i. Is j composite?
False
Let f be 2/(-4) + 639/18. Let z = -23 + f. Is (141/12)/(3/z) a prime number?
True
Let b(l) = -138*l + 1. Is b(-1) a composite number?
False
Let g(j) = j**2 - 3*j + 1. Is g(-11) a prime number?
False
Let d(t) = -t**2 - 9*t + 5. Let q be d(-7). Suppose 4*i + 67 = q. Let j = i + 43. Is j prime?
True
Let p(m) = -m**2 + m + 6. Suppose 2*l - 6*l = 3*s, -4*s = 2*l. Let q be p(l). Suppose q + 100 = 2*x. Is x a composite number?
False
Let y = -13 + 18. Suppose -4*q + y*q - 5*h = 9, -3*q + 55 = -h. Suppose 3*l = q + 80. Is l a composite number?
True
Let o = 230 - 110. Let b be 55 + 25/(-15) + (-2)/6. Let u = o - b. Is u a prime number?
True
Let y be (22/4)/((-3)/(-30)). Suppose 0 = 2*w - 0*w - 10. Suppose -3*u + y = -c, 8 - 101 = -w*u + c. Is u prime?
True
Suppose 104 = 2*n - 122. Is n composite?
False
Let a be (-14)/12 - 1/(-6). Is 0 - (-94 + (-1 - a)) a composite number?
True
Let x be 3/6 + (-57)/6. Suppose -4*j = j - 1350. Is j/(x/(-3)) + 3 composite?
True
Let o(q) = 136*q - 3. Is o(2) a composite number?
False
Let f = -13 - -19. Let i(a) = -44*a + 9. Let v be i(f). Is 3/((-9)/v) + -2 a composite number?
False
Let p(x) = x - 2. Let k be p(-8). Let q(i) = 2*i**2 + 12*i + 13. Is q(k) composite?
True
Let u(q) be the second derivative of -q**3/6 - q**2/2 - 2*q. Let n be u(-6). Let f = n - -5. Is f a prime number?
False
Let y be (24/(-9))/(2/(-3)). Suppose 0 = 2*v - y*l + 68, -2*v + 3*l = -3*v - 49. Let f = 89 + v. Is f composite?
True
Is (-4 + 5)*-1819*-1 composite?
True
Let i be 2/4*(-1 + 7). Suppose -k + 144 = i*k. Is 1*(-1 + k)/1 composite?
True
Let q(j) = 99*j - 23. Is q(10) composite?
False
Let o be (-8)/12 + (-178)/(-6). Let j = o - 14. Is j a prime number?
False
Suppose 0*f = -4*f - 44. Let j = -8 - f. Is j a composite number?
False
Let p(c) = -6*c. Let g be p(-1). Let w(v) = -15*v**2 - 2*v + 1. Let t be w(1). Is 1/(3 + t/g) a composite number?
False
Let i = -10 - -4. Let h = 10 - i. Let r = 27 - h. Is r prime?
True
Is (-3 - 0)*6/6 + 92 a prime number?
True
Let r(u) = 51*u**3 - 5*u + 5. Is r(1) a prime number?
False
Suppose 16*v = 21*v - 8255. Is v a composite number?
True
Suppose -5*t = 2*a - 629, -2*t = -5*a + 58 - 327. Is t a composite number?
False
Let h(w) = w**3 + 4*w**2 + w. Let f be h(-3). Suppose -327 = 3*i - f*i. Is i a composite number?
False
Suppose -4*b - 1 = -5*b - 5*q, -2*b + 2 = 4*q. Let y(x) = -8*x**2 - 2*x + 1. Let w be y(b). Is w*(-2 + (2 - 1)) a composite number?
True
Let b = 5 - -52. Is b a composite number?
True
Let q(l) = 9*l**3 - 2*l**2 - 5*l - 1. Is q(6) prime?
False
Let p = -1 + 8. Let w = 46 + p. Is w a composite number?
False
Let w(h) = 581*h**2 + 2*h + 5. Is w(2) prime?
True
Suppose 5*g = 4*d - 102, -4*g - 4*d + 5*d - 86 = 0. Is 637/5 - g/(-55) a prime number?
True
Is -1 + (-857 + 1)/(-4) a composite number?
True
Is 149 + 0 + 0 + 0 a composite number?
False
Suppose 5*t - 1685 = 4*t. Is t a prime number?
False
Suppose -2*n = -3 - 1. Suppose 0 = -m - 0 - n. Is (69/m)/((-3)/4) composite?
True
Suppose 2*u - 124 - 534 = 0. Is u a composite number?
True
Let o be ((-3)/(-3) + 35)/1. Let c = -52 + o. Is 8/c*(-1 - 157) a composite number?
False
Is 2/3 - 193/(-3) a prime number?
False
Let h = -5 - -10. Suppose -5022 = -4*n + h*m, 3*n - m - 3767 = 3*m. Is n a composite number?
True
Let t(q) = -q + 6. Let a be t(3). Suppose a*m - 175 = -2*m - 5*f, -4*m + 134 = f. Suppose 0 = 4*i - 2*k - 482, -i + k + 155 - m = 0. Is i a prime number?
False
Suppose 10 = 3*o + 4. Suppose 218 = o*h - 4*x, 0*x + 2*x - 113 = -h. Is h composite?
True
Is (-825)/(-5) - (-3 - (-2 + 1)) a prime number?
True
Suppose -3 + 0 = i. Let g(d) = -3*d**3 + 2*d**2 - 2. Is g(i) composite?
False
Let q(d) = -4*d**2 + 7*d**2 - d**3 - 3*d**2 + 22 - d. Is q(0) a prime number?
False
Suppose 3*g - 5*g = 5*z - 19, 3*g + 14 = z. Suppose 3*d - 278 + 59 = -s, -4*s - z*d = -841. Suppose 57 = o - j, 3*j + s = 4*o - 20. Is o a composite number?
False
Let l be (-1)/((-2)/4*1). Suppose 4*y = -2*p + 370, 2*p - 3*p + 1 = 0. Suppose l*z = -2*z + y. Is z prime?
True
Let w = 249 + -376. Let c = w - -408. Suppose -c = -5*l - 46. Is l a prime number?
True
Let o(k) = 7*k + 15. Is o(8) prime?
True
Let i = -12 - -43. Is i a composite number?
False
Suppose -4*s + 6*s - 532 = 0. Suppose -6*w + s = -940. Is w prime?
False
Let y(g) = g**3 + 6*g**2 - 8*g - 5. Let b be y(-5). Is (-45)/b + 1070/8 a prime number?
False
Suppose -2*b + 28 = -2. Suppose -t - 5*c = b, -3*t + 5*c + 17 = 2. Suppose t = 2*n - n - 19. Is n prime?
True
Is (-1994)/(-10) - (-2)/(-5) composite?
False
Suppose -1031 = -6*g + 307. Suppose 5*m = 42 + g. Is m composite?
False
Let o be 192/(-33) + 4/(-22). Is (o - -1124) + (2 - 3) composite?
False
Suppose -4*t + 89 = -55. Is ((-120)/t)/(2/(-9)) composite?
True
Suppose 0*n = -4*n - 32. Let i be 50/n*(-3 + 7). Let x = 76 + i. Is x a prime number?
False
Is 1578/5*(-75)/(-30) a composite number?
True
Let s(c) = 14 - 11 - 4 + 4*c + 4*c**2. Suppose -b + 3 = -0*b. Is s(b) composite?
False
Let j(l) = 6*l**2 + 14*l + 5. Let u(o) = -o**2 - o. Let s(q) = j(q) + 4*u(q). Is s(9) composite?
False
Let v be (5 - 0)*(-6)/5. Let t = 7 - 10. Is 1*t/v*46 prime?
True
Suppose -8 + 2 = -3*z. Is (-1 + z)*(26 + 0) prime?
False
Suppose -2 - 8 = -5*v. Let q be v/(-3) + (-56)/(-12). Suppose -q*n + 451 = 5*a, 4*n + 248 = 2*a + 62. Is a a composite number?
True
Suppose -x + 2 = -0. Suppose -o + 9 = x. Is o a composite number?
False
Suppose 29*v - 27*v = 254. Is v a composite number?
False
Let k(z) = -18*z - 8*z - 11*z + 6*z + 10. Is k(-13) composite?
True
Let p(z) = z**2 + 19 + 28*z - 13*z - 16*z. Let u = 0 - 0. Is p(u) composite?
False
Let s(g) = -487*g + 26. Is s(-9) a prime number?
True
Let i = 6749 - 3102. Is i a prime number?
False
Suppose 6*l + 27923 = 13*l. Is l a composite number?
False
Suppose 3*x = -2*x - 15. Let t be (-13)/(-2) + x/6. Suppose 2*j = -2*f + 77 + 25, -3*j - t = 0. Is f a prime number?
True
Let z be (-3)/(1/(-41 + -1)). Suppose 1545 = 3*y - z. Is y a prime number?
True
Let n = 142 + -77. Is n a composite number?
True
Let f = 133 - 20. Suppose f + 243 = 4*i. Is i a prime number?
True
Is (-408)/((-3)/3) - (0 + 1) composite?
True
Let x(k) = -k**2 + k. Let s(o) = -19*o**2 + 3. Let m(a) = s(a) - 5*x(a). Let b be m(3). Let z = b - -235. Is z a prime number?
True
Suppose -2*j - 202 = -4*j. Let a = 90 + j. Is a a composite number?
False
Let d be -2 + 6 + -3 + 878. Is ((-10)/(-15))/(2/d) a prime number?
True
Is 3*4/(-6) - -165 a prime number?
True
Suppose -51 + 365 = 2*o. Is o composite?
False
Suppose -3*c - 2706 = -5*o, 2*c + 1399 = 5*o - 1310. Is o a composite number?
True
Suppose -5*o - 3*z = 2*z - 645, 0 = 5*z - 25. Suppose 2*k = -2*k + o. Is k a prime number?
True
Let o = -1 + -1. Let z be o - (9/(-3))/(-3). Is (-1)/(0 - z/(-489)) a composite number?
False
Let j = -11 + 8. Let i = 5 + j. Suppose -i*d + 139 = -115. Is d a composite number?
False
Let c(g) = -16*g**3 + g**2 + 2*g - 1. Is c(-2) a composite number?
False
Let p(w) = 2*w**2 + 4*w + 5. Suppose -6*r - 4 = -2*r - 3*y, 5*y = 3*r - 8. Is p(r) a composite number?
True
Suppose 253 = 2*r - 181. Is r prime?
False
Let y be (-1448)/(-1) + 4 + -3. Is (4/(-12))/((-3)/y) composite?
True
Suppose -m + 8 = 5*k - 2, -8 = -4*k + 4*m. Suppose k*s - 669 = -s - 4*n, -446 = -2*s - 5*n. Is s prime?
True
Let n = 34 - -16. Suppose 4*c + 5*v + 16 = n, 4*c - 42 = -v. Is c composite?
False
Let c = 1 - -4. Suppose -c*b = -3*b + 8. Is 117 + 2*(3 + b) a composite number?
True
Let m = -140 - -445. Is m composite?
True
Let u = 307 + 30. Is u a prime number?
True
Suppose 2966 = 5*m - 104. Is m a comp